a(21).
-5
Let y(w) = -w**3 + 27*w**2 + 243*w + 1267. Calculate y(35).
-28
Let a(n) = 3*n**3 - 76*n**2 + 228*n - 3078. Calculate a(24).
90
Let g(l) = 11884*l + 132929. Calculate g(-11).
2205
Let y(z) = -z**3 - 33*z**2 + 341*z + 11339. Give y(-33).
86
Let i(l) = -3*l**2 - 160301*l + 2405192. Give i(15).
2
Let i(u) = -59122*u + 177318. What is i(3)?
-48
Let c(f) = -156899*f + 6746665. Calculate c(43).
8
Let v(i) = 3357*i**2 - 13252*i - 699. Determine v(4).
5
Let g(h) = 317099*h - 1585525. Calculate g(5).
-30
Let s(u) = -29*u**2 - 782*u - 1280. Calculate s(-25).
145
Let j(v) = -13008*v + 2224319. What is j(171)?
-49
Let w(b) = 2*b**2 + 980*b - 107095. What is w(92)?
-7
Let o(r) = -472*r**2 - 27844*r + 114. Determine o(-59).
-122
Let c(h) = -8286*h + 16215696. What is c(1957)?
-6
Let i(w) = 465*w - 2249. Give i(7).
1006
Let o(l) = -26*l**2 + 1006*l + 7022. Give o(-7).
-1294
Let r(s) = s**3 - 49*s**2 - 1183*s - 200. Calculate r(66).
-4226
Let k(m) = -8647*m - 43338. Give k(-5).
-103
Let y(j) = -2*j**2 + 50*j + 297. Calculate y(-13).
-691
Let j(a) = -6*a**2 - 56*a + 369. Give j(6).
-183
Let s(b) = 175*b**2 - 19430*b + 528. What is s(111)?
-27
Let j(v) = -v**3 - 212*v**2 - 877*v - 183. What is j(-4)?
-3
Let n(c) = -2*c**3 - 23*c**2 + 416*c + 357. Give n(-21).
0
Let s(l) = -680*l**2 + 11563*l - 88. Give s(17).
-37
Let x(g) = -484*g - 142803. Give x(-296).
461
Let h(x) = 8787*x - 105530. Determine h(12).
-86
Let n(w) = w**2 - 3648*w + 816. Give n(0).
816
Let g(q) = -3*q**2 + 719*q - 42334. Calculate g(104).
-6
Let c(n) = 51*n**2 - 5965*n + 82378. Give c(16).
-6
Let o(r) = -33*r**2 - 792*r + 9326. Calculate o(12).
-4930
Let l(x) = -7509*x + 3364034. Calculate l(448).
2
Let d(j) = -4980*j + 104898. Calculate d(21).
318
Let y(l) = l**3 + 11*l**2 - 32*l + 822. Give y(-17).
-368
Let l(a) = a**3 - 268*a**2 - 807*a - 1378. Give l(271).
248
Let m(s) = 4*s**2 - 1113*s + 39113. Determine m(237).
8
Let g(z) = 2*z**2 + 896*z - 5458. What is g(6)?
-10
Let j(n) = -3*n**2 - 1225*n + 45867. Determine j(36).
-2121
Let q(b) = 119*b + 7494. What is q(-61)?
235
Let u(p) = 6*p**3 - 30*p**2 + 48*p - 396. Calculate u(7).
528
Let h(c) = -c**3 + 48*c**2 - 131*c - 564. What is h(45)?
-384
Let s(m) = m**2 + 8216*m - 32875. Give s(4).
5
Let g(x) = -513*x**2 - 4574*x + 3. Calculate g(-9).
-384
Let s(w) = -2849*w + 25767. What is s(9)?
126
Let f(j) = j**3 + 44*j**2 - 248*j - 138. Give f(-49).
9
Let u(k) = k**3 - 83*k**2 + 1648*k + 108. Determine u(50).
8
Let d(n) = -2*n**3 + 440*n**2 - 18576*n - 335. Calculate d(57).
7
Let i(y) = 7*y**2 - 876*y + 8191. Give i(115).
26
Let g(k) = 3120*k - 99793. What is g(32)?
47
Let f(l) = 8*l**2 - 333*l + 1362. Calculate f(36).
-258
Let u(x) = -3*x**2 + 100*x - 242. Calculate u(22).
506
Let f(q) = -137145*q + 4388625. What is f(32)?
-15
Let r(c) = -c**3 - 27*c**2 + 28*c + 447. Determine r(-29).
1317
Let h(o) = 1193*o + 472426. Give h(-396).
-2
Let o(a) = 530*a - 42656. Determine o(76).
-2376
Let k(i) = i**2 - 29*i - 594. Determine k(-14).
8
Let d(w) = 5*w**2 - 3022*w + 66860. What is d(23)?
-1
Let q(k) = 646*k + 5502. Determine q(-9).
-312
Let q(k) = -k**2 - 197*k - 466. Calculate q(-195).
-76
Let w(a) = 221*a**2 - 1120*a + 66. Calculate w(5).
-9
Let u(a) = -a**3 - 246*a**2 - 1431*a + 1344. Calculate u(-240).
-816
Let t(q) = 45*q**2 - 588*q - 1304. Calculate t(15).
1
Let z(w) = 67*w**2 - 13481*w + 2826. Give z(201).
12
Let v(w) = -5*w**3 + 322*w**2 - 129*w - 6. Give v(64).
-70
Let d(f) = -2253*f - 117782. Determine d(-52).
-626
Let k(y) = y**3 + 19*y**2 - 1440*y - 31671. Calculate k(-24).
9
Let o(q) = -440*q**3 - 376*q**2 + 11*q + 9. Give o(-1).
62
Let f(i) = 182*i**3 + 538*i**2 - 3259*i + 14. Determine f(3).
-7
Let m(o) = -181*o + 13215. Give m(73).
2
Let s(j) = 2*j**3 + 200*j**2 + 214*j + 1454. Determine s(-99).
-130
Let c(d) = -15*d**3 - 4*d**2 + 47*d - 120. Give c(7).
-5132
Let d(y) = -285*y - 127660. Give d(-448).
20
Let o(l) = 1983*l + 370944. Give o(-187).
123
Let m(v) = 781*v - 21446. Give m(25).
-1921
Let v(w) = -58*w**3 - 698*w**2 + 71*w + 1153. Give v(-12).
13
Let y(c) = 2*c**3 - 779*c**2 - 345*c - 17347. Determine y(390).
203
Let f(y) = 157227*y + 12578162. What is f(-80)?
2
Let n(s) = -s**3 - 128*s**2 + 199*s + 9019. Determine n(-129).
-11
Let p(m) = 39*m**2 - 635*m + 726. Determine p(15).
-24
Let d(p) = -9272*p + 19260. Give d(2).
716
Let y(b) = 2*b**3 + 309*b**2 + 10416*b + 2195. Determine y(-105).
-10
Let b(w) = 5*w**2 + 28718*w - 201269. Determine b(7).
2
Let h(r) = -730*r + 9213. What is h(10)?
1913
Let z(h) = h**2 - 82*h + 1284. Calculate z(25).
-141
Let c(y) = 6*y**2 - 503*y - 6543. Give c(-11).
-284
Let k(n) = 2*n**3 + 57*n**2 + 136*n - 1099. Give k(-21).
2660
Let p(f) = -2*f**2 - 22*f - 216. What is p(-24)?
-840
Let a(u) = 9*u**3 + 79*u**2 + 72*u + 23. Give a(-12).
-5017
Let p(i) = 4*i**2 - 2894*i + 17227. Give p(6).
7
Let s(l) = l**3 + 11*l**2 + 64*l - 20. Calculate s(-7).
-272
Let h(d) = -d**3 + 2577*d**2 + 12978*d + 322. Calculate h(-5).
-18
Let b(y) = 3*y**2 + 216*y + 2955. Determine b(-54).
39
Let x(j) = -j**3 + 6*j**2 + 649*j + 1411. What is x(-22)?
685
Let b(a) = 664*a**2 + 171315*a + 774. Calculate b(-258).
0
Let y(z) = 2*z**2 + 198*z + 4362. Determine y(-58).
-394
Let b(k) = 2*k**2 - 471*k - 1397. What is b(245)?
3258
Let u(a) = -107*a**2 + 654*a + 2622. Give u(-4).
-1706
Let p(w) = -3*w**3 + 36*w**2 + 247*w - 123. What is p(-6)?
339
Let w(r) = 4*r**2 + 2941*r + 55259. What is w(-716)?
127
Let j(i) = -3*i**3 - 711*i**2 - 1408*i + 1. What is j(-2)?
-3
Let b(k) = 55*k**2 + 298*k - 2383. Calculate b(8).
3521
Let r(k) = -5238*k - 36619. Give r(-7).
47
Let n(l) = -41*l**2 - 64*l + 754. Calculate n(7).
-1703
Let w(a) = 6*a**2 - 59611*a - 298202. What is w(-5)?
3
Let a(q) = -q**3 + 673*q**2 + 13885*q - 17235. Determine a(693).
90
Let x(u) = -7*u**3 - 1754*u**2 - 1001*u - 321. What is x(-250)?
-71
Let r(g) = 3*g**3 + 204*g**2 + 585*g - 13. What is r(-3)?
-13
Let x(g) = 2*g**2 - 390*g - 8344. What is x(218)?
1684
Let w(s) = -236*s - 29589. Give w(-125).
-89
Let n(q) = -2*q**3 - 201*q**2 + 1676*q + 489. Determine n(8).
9
Let c(q) = -110049*q - 1870827. Calculate c(-17).
6
Let v(g) = -3572*g + 33702. Determine v(9).
1554
Let w(f) = -f**2 + 91*f - 40. What is w(91)?
-40
Let n(z) = -13*z**3 + 364*z**2 - 319*z + 8915. Determine n(28).
-17
Let n(z) = 23*z**2 + 2654*z - 5398. What is n(2)?
2
Let m(o) = 4*o**3 - 47*o**2 - 107*o + 7. Calculate m(-2).
1
Let n(v) = 29*v**2 + 1129*v - 81478. What is n(37)?
-4
Let u(t) = 47607*t - 5760441. Calculate u(121).
6
Let t(z) = z**2 + 200*z + 1700. Give t(-8).
164
Let f(b) = 2*b**2 + 829*b - 457522. Give f(314).
-24
Let u(m) = 70*m**2 + 280*m + 531. Give u(-6).
1371
Let y(r) = -r**2 - 281*r + 9901. Give y(-313).
-115
Let k(m) = 1689*m + 177346. Give k(-105).
1
Let a(u) = -u**3 - 23*u**2 + 872*u + 4813. What is a(-5)?
3
Let c(h) = 819127*h - 9010440. Calculate c(11).
-43
Let g(o) = o**2 + 3409*o - 124071. What is g(36)?
-51
Let a(q) = 947*q - 13242. Determine a(14).
16
Let v(z) = 30*z**3 + 301*z**2 + 51*z + 407. Calculate v(-10).
-3
Let z(w) = -9*w**2 + 1160*w - 28979. What is z(95)?
-4
Let b(k) = -10*k**2 - 351*k - 14. Calculate b(-39).
-1535
Let y(m) = -6521*m + 53016. Determine y(8).
848
Let t(x) = 2*x**2 - 581*x - 54593. Calculate t(365).
-208
Let p(u) = -17644*u + 17607. Give p(1).
-37
Let m(a) = a**2 + 159*a + 6447. What is m(-84)?
147
Let a(i) = 40*i**3 - 3*i**2 - 9263*i + 18532. Determine a(2).
314
Let a(h) = h**2 - 10998*h + 65968. Calculate a(6).
16
Let b(h) = 726*h - 85670. Give b(118).
-2
Let g(c) = -26*c + 941. Give g(16).
525
Let x(n) = n**2 + 16033*n - 59913326. Give x(3127).
-6
Let a(t) = -t**3 + 3*t**2 - 91*t - 428. Calculate a(-4).
48
Let f(n) = -191038*n - 10507084. What is f(-55)?
6
Let q(b) = -6*b**2 + 65*b + 3836. Determine q(33).
-553
Let p(h) = 3*h**3 - 44*h**2 - 19*h + 646. Determine p(15).
586
Let d(a) = a**3 - 4*a**2 - 249*a + 2081. What is d(8)?
345
Let c(p) = 2*p**3 + 5*p**2 - 155*p + 892. Calculate c(6).
574
Let a(y) = 3583*y**2 - 7156*y - 16. What is a(2)?
4
Let h(t) = 2*t**2 + 177*t + 3718. Calculate h(-32).
102
Let b(q) = 7*q**3 + 35*q**2 - 46*q - 4. Determine b(0).
-4
Let a(k) = 37*k**2 + 2694*k - 13479. Determine a(5).
916
Let w(p) = -8*p**2 - 940*p - 172. Ca